q, -4*q - t = -b*p - 2*q. Is p composite?
True
Suppose -3*b + 54283 = 5*c, -40134 = -5*b - 3*c + 50359. Is b a composite number?
True
Suppose -2*p + 7*p = 1580. Suppose 0 = -c + 210 + p. Suppose t - i - 167 = 0, 3*t - c = -4*i - 53. Is t prime?
True
Let f(v) = -10*v - 3. Let n be f(-1). Let l(g) = 6*g**2 - 18*g - 5. Is l(n) composite?
False
Let c be (-2 - 0)/(6/(-6)). Suppose 6 + 4 = -c*i, -i = q - 84. Suppose 0 = -3*l + 4*y + q, -3*l = -8*l - 2*y + 157. Is l composite?
False
Let g be (14 - 12) + (3 - 0). Suppose 215 = 2*m + g*w, 0 = 3*m - w + 3*w - 339. Is m a composite number?
True
Is (-16)/44 - (-2799930)/154 prime?
True
Suppose 9*b - 1354 = 275. Is b composite?
False
Let o(n) = 2*n - 7. Let g be o(5). Suppose -h = -6 - 15. Suppose 0 = g*f + 4*c + c - 91, f - h = -4*c. Is f composite?
False
Suppose 4*b + 4*o + 0*o - 20 = 0, -5*b + 15 = 3*o. Suppose -2*k + k + 587 = b. Is k a composite number?
False
Suppose -45*z + 16*z = -418731. Is z composite?
True
Let k = -29 - -32. Suppose 4*h + c = 1239, -8*h - 3*c + 1554 = -k*h. Is 1*(-4)/(-12)*h prime?
True
Suppose 6*h - 2535 = h - 5*t, 3*h - 4*t = 1535. Let p = 1828 - h. Is p a prime number?
True
Let h(l) = 9*l**2 + 12*l. Let c be h(-5). Suppose -z = -4*z + c. Is z composite?
True
Let v(b) = -b**2 + b + 397. Let w be v(0). Let q = 110 + 297. Suppose -2*i - 5*u = -w, q = 2*i - u + 4*u. Is i prime?
True
Let q(n) = 8*n**2 + 22*n + 13. Let a be q(-6). Suppose -2*p = -5*s + 8*s - a, 4*p = 3*s - 139. Is s a prime number?
True
Suppose -132 = -p - 23. Let f = p - -262. Is f a composite number?
True
Let h(m) = 5*m + m + 5 - 10*m**2 + 3*m + m**3. Let y be h(9). Suppose -8 = -y*t + 27. Is t composite?
False
Let l(r) = 2*r**3 - 38*r**2 + 40*r + 49. Is l(32) prime?
True
Let t(v) = v**2 - 2*v - 3. Let b be t(3). Suppose -2*d + b*d = -556. Is d a prime number?
False
Suppose 33*l - 27*l = 23946. Is l prime?
False
Let f be (-3)/(-1) + -4 - (-4 + -4). Let g = 0 - 0. Suppose 8*b - f*b - 113 = g. Is b composite?
False
Let z(c) = 777*c**3 + 11*c**2 - 40*c + 31. Is z(5) composite?
False
Let a(i) = 6*i + 77. Is a(26) a prime number?
True
Suppose -665650 = -21*z - 29*z. Is z a prime number?
True
Let c(i) = 674*i**2 - 33*i - 150. Is c(-5) prime?
False
Suppose -8643 = -3*k + 11694. Is k prime?
True
Let o(a) = a**2 + 6*a - 16. Let k be o(-8). Is (-8)/36 - (34078/(-18) - k) composite?
True
Suppose 0 = n - 6*n + 35. Suppose 5*i + 2*j + j = n, 0 = 4*i - 2*j - 10. Suppose -i*q + 30 = -128. Is q a composite number?
False
Suppose k + 3*k = 0. Is (471 + -3 + 3)/(1 - k) a composite number?
True
Suppose -3*r = 4*t - 35059, 7480 = 4*t + 5*r - 27573. Is t composite?
True
Let j = -17 - 211. Let v be (-9 - 1)/(8/j). Suppose 3*y - 492 = v. Is y a composite number?
True
Let h(i) = -4*i + 30. Let y be h(7). Suppose 5*d = -5*j + 7700, -2*j + y*d = 7*d - 3071. Is j a composite number?
False
Let z = 5811 - 2888. Suppose 533 = -5*j + z. Is j a prime number?
False
Suppose 12*y - 29721 = -1053. Is y a composite number?
False
Let a = -9122 + 13527. Is a a composite number?
True
Let o(k) = 161*k**2 + k - 1. Let m = 3 + 0. Suppose 5*r = 4*r + s - 4, s = m*r + 2. Is o(r) a prime number?
False
Let j = -29593 + 51558. Suppose 3*z = 0, -5*s + 6*z = 2*z - j. Is s a composite number?
True
Let r(q) = q + 22 - 34 + 16. Let s be r(-1). Suppose -2101 = -s*b + 2*w, -5*w + 2763 = 2*b + 2*b. Is b prime?
False
Let z(d) = -26*d + 27. Let t(f) = 51*f - 53. Let a(l) = -6*t(l) - 11*z(l). Is a(-26) a composite number?
False
Suppose 2*y + 2*f - 216 = 96, 5*y = 3*f + 796. Suppose -y = -b + 321. Is b a composite number?
False
Suppose 5*z = -3*a + 501269, 139*z - 4*a = 138*z + 100263. Is z composite?
True
Let f(m) = -1. Let r(s) = 27*s**2 + 2*s + 1. Let y(q) = 4*f(q) + r(q). Is y(2) prime?
True
Suppose 2*d - 4*l + 12 = 0, 5*l - 2*l = 3*d + 9. Let z(i) = -i - 93. Let v(a) = -4*a - 280. Let t(k) = 2*v(k) - 7*z(k). Is t(d) a composite number?
True
Let q(m) = m**2 - 24*m + 56. Let j be q(7). Let t(f) = -f**2 - f + 6. Let w be t(5). Let a = w - j. Is a composite?
True
Let t(i) = 252*i**3 - 2*i**2 + 3*i - 11. Is t(5) a prime number?
False
Let h be (4/((-24)/(-26)))/(1/(-102)). Let d = 939 + h. Is d prime?
False
Is (6751/2 - 30/(-20)) + 0 a composite number?
True
Let u = 889 - 1354. Let f = -142 - u. Is f composite?
True
Suppose 0*a = -2*q - a, 0 = -5*a. Suppose q*z - 12 = 4*z. Is (-3 - -529) + 4 - z a composite number?
True
Suppose -4*a - 12 = a + 4*u, 4*a + 12 = -2*u. Let j(m) be the second derivative of -55*m**3/2 + 7*m**2/2 + 2*m. Is j(a) a composite number?
True
Let w(r) = 107*r**2 + 17*r + 25. Is w(6) a prime number?
False
Let g be 4 + -4*(3 + -2). Suppose -f + 201 + 134 = g. Is f a prime number?
False
Suppose -10*n + 16795 + 5015 = 0. Is n prime?
False
Is 2/((-70)/(-15)) + 53246/7 a prime number?
True
Suppose 3*z - 86 = -7*r + 3*r, 5*z + 4*r - 130 = 0. Is ((-37873)/z)/(2/(-4) + 0) a prime number?
False
Let c be (-23)/2*(-28)/2. Suppose 543 = 3*f + 3*d, 2*f = 3*f - 4*d - c. Suppose -3*x + 204 = -f. Is x a prime number?
True
Suppose -13 = -3*k - 4. Let p(j) = 590*j - 13. Is p(k) a composite number?
True
Let l = -3144 - -4983. Is -4*-2*l/24 composite?
False
Let g = -34 + 102. Suppose g + 132 = 4*h. Let w = h + 72. Is w a composite number?
True
Let m be (-4)/3*(-9)/6. Let c be (1 - m)*(-1 - 1). Suppose 268 = 2*t + c*t. Is t a prime number?
True
Let v = -28 + 27. Is 1941/4 + ((-15)/12 - v) a composite number?
True
Let h(v) = -27*v - 31. Let x be h(-6). Suppose -2*g - 3*g = 3*u - x, -4*g = 5*u - 227. Is u prime?
True
Suppose 5*g - 5 = 5. Suppose 6*l = g*l + 2056. Is l a composite number?
True
Let t = -4 + 7. Suppose 0 = t*o - 2527 - 1670. Is o a composite number?
False
Suppose 4*q - 10800 + 663 = -5*p, -4*q + 3*p = -10129. Is q prime?
False
Suppose -2*s + 4*y + 16 = 0, 0*s + y + 7 = -s. Let l be 1/s + 5/2. Is (2 - 1)/l*498 composite?
True
Let l = -18 - -21. Is (422/l)/((-4)/(-6)) a composite number?
False
Let o be 485/4 + (-1)/4. Suppose 1671 = 4*i - 4*u - o, 5*i - 2247 = -2*u. Is i a prime number?
True
Let a(t) = 86*t**3 + t**2 - 1. Let z be a(1). Suppose 4*v - 5*w - 1089 = 0, -2*w - 630 = -2*v - z. Let s = -144 + v. Is s a composite number?
False
Suppose -5*m - 9 = x + 5, -4*x + 3*m + 36 = 0. Let g be (-3 - 0)/(x/(-4)). Suppose g*k = 4*k - 62. Is k prime?
True
Let p(t) = -t**3 - 9*t**2 + 34*t + 133. Is p(-12) prime?
True
Let p = 5 + -5. Suppose -j + 5 + 1 = p. Suppose 8*v = j*v + 148. Is v a composite number?
True
Let v(s) = -3*s + 137*s**2 - 11 - 6 + s - 5*s. Is v(-4) a composite number?
False
Let r = 3438 - 1446. Let o = -1405 + r. Is o a prime number?
True
Suppose 2213 = -49*j + 50*j. Is j composite?
False
Let k(q) = 3*q + 4. Let c be k(-4). Let g = 12 + c. Is g*92/8 - 3 composite?
False
Let f = 7 - 4. Let a(w) = -w**3 + w + 2. Let p be a(-1). Suppose -p*l = -f - 67. Is l a prime number?
False
Suppose 2*s - 25 = -3*s. Let d = 13 + -11. Suppose -52 = -z - s*c, d + 3 = 5*c. Is z a composite number?
False
Let w(a) = 3 + 3 - 7 - 7*a. Let u be w(-1). Suppose u*p - 4*p - 248 = 3*y, -p + 4*y + 119 = 0. Is p composite?
False
Let i be 60/27 - -1 - 4/18. Let r(w) = 7*w**2 - 4*w - 3*w**2 - 2*w**2 + 4 + 5*w**3. Is r(i) prime?
False
Is (471/3)/(10*8/3760) a prime number?
False
Suppose 3*i = 4*i. Let o be i/(-1) + -4 + -414. Let g = -203 - o. Is g a composite number?
True
Is -4 - 6*813/(-6) a prime number?
True
Suppose 0 = 2*j + 5*x - 27, -5*x + 1 = -4*j - 4*x. Suppose j = -4*p + 25. Is 1334/6 - p/(-9) a prime number?
True
Let h(s) = 317*s**2 + 6*s - 12. Is h(-3) a composite number?
True
Let k be ((-9)/6)/((-6)/16). Let s be 24/(-12)*14/k. Let r(n) = -34*n + 15. Is r(s) a prime number?
False
Suppose 169948 - 22018 = 6*w. Is w a prime number?
False
Suppose 0 = h - 2*h + 10. Suppose 9*m = h*m - 3353. Is m a composite number?
True
Let q(v) = -2*v**2 + 18*v + 22. Let r(i) be the third derivative of i**5/20 - 19*i**4/24 - 23*i**3/6 - 7*i**2. Let o(k) = 4*q(k) + 3*r(k). Is o(-15) prime?
True
Suppose -2*o + 2*q + 72714 = 0, 98*q - 181785 = -5*o + 99*q. Is o prime?
False
Let d = 10 - 4. Suppose -3*k - d = -30. Suppose -k*x + 4*x + 764 = 0. Is x a composite number?
False
Suppose -3 + 33 = 6*c. Suppose 5*r = 5*t - 124 - 36, 164 = c*t - 3*r. Is t composite?
True
Let s(y) = 5349*y**2 - 5*y - 3.